c**2 + 24*c - 122. Give z(8).
6
Let i(j) = -27*j - 65. What is i(-4)?
43
Let t(f) = -f**3 - 4*f**2 - 3*f - 2. Give t(-4).
10
Let c(j) = -4*j - 3. Determine c(3).
-15
Let u(j) = -10*j + 73. What is u(7)?
3
Let x(a) = -a**2 - 6*a - 10. Calculate x(-7).
-17
Let p(l) = 13*l + 95. Calculate p(-7).
4
Let o(s) = -s - 6. What is o(10)?
-16
Let i(h) = -2*h - 8. Determine i(-9).
10
Let v(y) = -y**3 - y**2 + y + 2. Determine v(0).
2
Let x(s) = s**3 - 4*s**2 + 8*s - 5. Give x(5).
60
Let r(f) = -f**3 + 2*f**2 + 6*f + 6. Give r(4).
-2
Let y(c) = -c**3 - 28*c**2 + 27*c - 58. Calculate y(-29).
0
Let d(g) = -18*g - 15. Give d(2).
-51
Let f(b) = -2*b**3 - 9*b**2 + 2*b + 15. Determine f(-4).
-9
Let v(h) = -2*h**2 - 14*h - 13. Calculate v(-7).
-13
Let t(z) = 6*z + 34. Determine t(-10).
-26
Let x(g) = g - 7. What is x(-6)?
-13
Let u(f) = -164*f + 167. What is u(1)?
3
Let g(n) = n**3 - 2*n**2 - n - 9. Calculate g(5).
61
Let v(z) = -z**3 + 12*z**2 + 14*z - 8. What is v(13)?
5
Let a(m) = m**3 - 13*m**2 - 16. What is a(13)?
-16
Let w(g) = -7*g - 88. Give w(-9).
-25
Let z(d) = -d**3 + d**2 + d + 3. Calculate z(4).
-41
Let m(c) = 23*c**2 - 139*c - 6. What is m(6)?
-12
Let i(m) = 28*m - 3. Give i(3).
81
Let a(b) = -4*b - 6. Calculate a(3).
-18
Let l(i) = i**3 + 9*i**2 + 12*i - 19. Give l(-7).
-5
Let g(x) = x**2 - 19*x + 30. Calculate g(10).
-60
Let h(v) = 12*v - 44. Give h(4).
4
Let q(x) = 3*x**2 + 2*x - 5. Give q(3).
28
Let z(p) = 5*p + 122. What is z(-24)?
2
Let w(b) = -b + 21. Determine w(24).
-3
Let r(q) = q**3 - 4*q**2 - 5*q + 2. Give r(5).
2
Let t(y) = y**2 + 9*y - 19. Determine t(-15).
71
Let p(v) = 6*v - 128. Determine p(20).
-8
Let o(x) = x**3 + 11*x**2 + 8*x - 2. Calculate o(-10).
18
Let x(h) = 26*h**2 - 6*h + 3. Give x(2).
95
Let n(g) = -4*g**2 + 31*g - 1. What is n(7)?
20
Let c(p) = -p**3 + 2*p**2 + p + 4. Give c(4).
-24
Let u(s) = -s**2 + 4*s - 3. Calculate u(10).
-63
Let x(i) = -6*i + 319. Determine x(53).
1
Let d(b) = -b**3 + 15*b**2 + 12*b + 17. Give d(16).
-47
Let y(i) = 2*i**3 - 2*i**2 + 5*i - 5. Calculate y(2).
13
Let o(l) = 3*l**3 - 3*l**2 - 6. Give o(3).
48
Let k(l) = -2*l**3 + l**2 + 4*l - 3. Calculate k(2).
-7
Let b(c) = c + 6. Give b(0).
6
Let l(k) = 43*k - 108. What is l(2)?
-22
Let d(u) = 17*u**2 + 2*u + 1. Give d(-1).
16
Let r(k) = -6*k + 14. Give r(14).
-70
Let j(l) = l**2 - 8*l - 13. Determine j(10).
7
Let x(q) = -q**3 + q**2 + q - 28. Determine x(0).
-28
Let o(m) = -m**3 + 23*m**2 + 49*m + 27. Calculate o(25).
2
Let j(u) = -u**2 + 24. Give j(6).
-12
Let z(s) = -2*s**3 - 31*s**2 - 15*s + 3. Calculate z(-15).
3
Let y(q) = -35*q + 5. Calculate y(-1).
40
Let i(f) = -23*f - 106. Determine i(-6).
32
Let i(m) = -m**3 + 5*m**2 + 6. Calculate i(5).
6
Let x(a) = a**2 - 11*a + 1. Give x(-5).
81
Let z(c) = c**2 - 4*c - 7. Calculate z(5).
-2
Let m(s) = s**2 + 9*s - 132. What is m(7)?
-20
Let i(l) = -6*l**2 + 4*l - 5. What is i(2)?
-21
Let n(k) = 11*k - 5. What is n(-1)?
-16
Let j(o) = o**3 + 7*o**2 + 3*o - 32. Give j(-6).
-14
Let h(q) = 2*q**3 + 16*q**2 - 17*q + 16. Calculate h(-9).
7
Let r(k) = -8*k - 478. What is r(-61)?
10
Let i(l) = -2*l + 12. Give i(8).
-4
Let a(t) = 21*t - 23. What is a(1)?
-2
Let b(q) = -q**3 + q**2 - q + 6. Determine b(2).
0
Let f(d) = -d**2 - 19*d + 25. What is f(-21)?
-17
Let k(a) = 3*a**2 - 17*a + 8. Give k(6).
14
Let d(a) = -3*a - 4. Calculate d(4).
-16
Let h(f) = 2*f**2 - f - 5. What is h(0)?
-5
Let n(i) = 6*i**2 - 298*i - 105. What is n(50)?
-5
Let w(p) = -p + 4. What is w(8)?
-4
Let k(f) = 4*f**2 - 45*f - 25. Determine k(12).
11
Let d(z) = -12*z + 4. Calculate d(-3).
40
Let v(k) = -3*k - 5. Calculate v(-6).
13
Let m(c) = -c - 12. What is m(-5)?
-7
Let r(n) = -4*n**2 - n + 1. What is r(2)?
-17
Let t(b) = -7*b - 12. Give t(-3).
9
Let z(v) = 6*v - 32. Calculate z(12).
40
Let t(b) = -6*b**2 + b. What is t(3)?
-51
Let c(w) = -w**3 + 4*w**2 + 3*w - 1. Give c(5).
-11
Let w(c) = c**3 - 4*c**2 + 2*c + 5. Determine w(3).
2
Let r(p) = p - 40. Determine r(18).
-22
Let x(o) = 13*o - 166. Determine x(13).
3
Let k(g) = g**3 - 14*g**2 - 53*g + 40. Determine k(17).
6
Let n(j) = -12*j + 47. Calculate n(5).
-13
Let w(y) = -9*y + 3. Calculate w(2).
-15
Let w(s) = -s**3 - 16*s**2 - 19*s - 50. What is w(-15)?
10
Let d(l) = l**3 + l - 3. Calculate d(-5).
-133
Let p(r) = r**2 - 2*r - 4. Calculate p(-4).
20
Let r(a) = 3*a - 4. Give r(2).
2
Let s(l) = -2*l + 7. What is s(12)?
-17
Let x(i) = -i**2 - 8*i - 7. What is x(-9)?
-16
Let z(q) = q**2 + 26*q + 83. Calculate z(-23).
14
Let n(y) = y**2 + y + 14. What is n(0)?
14
Let h(a) = -a**3 + 13*a**2 - 12*a - 27. Give h(11).
83
Let j(w) = -2*w**2 - 11*w + 55. Give j(4).
-21
Let y(l) = -l**3 - l**2 + 22. Determine y(0).
22
Let k(v) = -v**3 - 12*v**2 - 2*v - 28. Calculate k(-12).
-4
Let x(d) = 28*d**2 + d - 1. Give x(1).
28
Let j(n) = -n**2 - 6*n + 10. What is j(5)?
-45
Let g(t) = -2*t - 33. Give g(4).
-41
Let u(k) = -4*k + 14. What is u(4)?
-2
Let k(w) = 27*w - 11. Give k(5).
124
Let k(r) = r**3 - 8*r**2 + 6*r + 4. What is k(7)?
-3
Let w(j) = -j**3 - 35*j**2 + j + 43. What is w(-35)?
8
Let a(h) = 7*h**2 - 3*h + 3. Determine a(2).
25
Let r(s) = -s**3 - 6*s**2 + 8*s + 7. Calculate r(-7).
0
Let g(t) = 7*t + 8. What is g(-4)?
-20
Let d(l) = 2*l**2 + 8*l - 6. Determine d(-7).
36
Let x(l) = l**3 + 9*l**2 - 7*l + 29. Determine x(-10).
-1
Let d(z) = -10*z**3 - 3*z**2 + 2*z. What is d(1)?
-11
Let c(j) = -22*j + 66. Calculate c(7).
-88
Let u(o) = -o**2 - 10*o + 4. Determine u(-11).
-7
Let u(x) = x**2 - 16*x + 15. Give u(1).
0
Let d(j) = -j**2 - 4*j + 6. Determine d(-6).
-6
Let b(c) = -8*c + 45. Determine b(5).
5
Let d(v) = -9*v + 83. What is d(6)?
29
Let w(m) = 4*m + 7. What is w(3)?
19
Let z(j) = 7*j + 32. Give z(-4).
4
Let b(j) = j**3 + 6*j**2 + 3*j - 2. What is b(-5)?
8
Let l(r) = -r**3 - r**2 - 2. What is l(-2)?
2
Let z(i) = 10*i - 2. Determine z(2).
18
Let r(a) = -a**2 - 11*a - 22. Give r(-6).
8
Let v(k) = 2*k - 9. Determine v(6).
3
Let q(d) = -d**3 + 15*d**2 - 11*d - 18. Calculate q(14).
24
Let t(k) = 8*k + 9. Calculate t(-7).
-47
Let h(o) = -o**3 + 3*o**2 + 4*o + 4. Determine h(4).
4
Let s(t) = -2*t**3 + t**2 + t. Calculate s(0).
0
Let s(p) = p**3 - 18*p**2 + 17*p - 4. Determine s(17).
-4
Let u(m) = 3*m**2 - 78*m + 84. What is u(25)?
9
Let y(a) = 39*a + 159. Calculate y(-4).
3
Let o(t) = -6*t - 1. Give o(-1).
5
Let h(w) = -w**2 - 8*w - 1. Calculate h(-7).
6
Let b(m) = m**2 - 10*m - 111. Give b(-6).
-15
Let a(t) = -5*t + 5. What is a(-7)?
40
Let n(v) = -v**3 + 2*v**2 + 4*v - 2. Give n(3).
1
Let a(i) = i**3 + 22*i**2 - 28*i - 75. Determine a(-23).
40
Let x(r) = -6*r**2 - 67*r + 66. Determine x(1).
-7
Let l(s) = s**2 - 10*s - 2. What is l(10)?
-2
Let d(b) = 9*b**2 + 38*b + 6. Calculate d(-5).
41
Let l(x) = 3*x**2 + 15*x + 6. Calculate l(-4).
-6
Let k(a) = -a**3 + 24*a**2 + 52*a - 9. Give k(26).
-9
Let w(n) = 18*n + 13. Give w(-2).
-23
Let g(j) = j**3 + 22*j**2 + 22*j + 20. Calculate g(-21).
-1
Let f(w) = -28*w**2 + w + 1. Determine f(-1).
-28
Let d(t) = 4*t + 1. What is d(-18)?
-71
Let g(c) = -c - 5. Calculate g(2).
-7
Let i(o) = 25*o + 1. Calculate i(-2).
-49
Let z(b) = -3*b**2 - 13*b + 11. Determine z(-5).
1
Let v(y) = -y**3 + 4*y**2 + 4*y - 2. Give v(4).
14
Let o(y) = -y - 11. Calculate o(10).
-21
Let v(h) = -h + 7. Give v(8).
-1
Let n(p) = 4*p - 11. What is n(6)?
13
Let d(c) = 5*c - 11. Calculate d(2).
-1
Let a(j) = -41*j - 280. What is a(-7)?
7
Let b(r) = -r**2 - 106*r + 105. What is b(1)?
-2
Let b(r) = 2*r**2 + 13*r - 4. What is b(-7)?
3
Let f(j) = j**3 + 3*j**2 - 41*j - 119. Calculate f(-3).
4
Let z(g) = 2*g**2 + 16. What is z(0)?
16
Let x(b) = -7*b + 14. Give x(3).
-7
Let j(o) = -11*o + 9. What is j(4)?
-35
Let r(h) = -28*h + 77. Give r(5).
-63
Let p(o) = 2*o**2 - 11*o + 6. Give p(4).
-6
Let s(p) = p**3 - 5*p**2 + 7*p - 10. Calculate s(3).
-7
Let l(n) = -n**3 + 4*n**2 + 2*n + 21. What is l(5)?
6
Let c(l) = -7*l + 4. What is c(2)?
-10
Let r(i) = -2*i**3 - 6*i**2 + 4*i - 25. Determine r(-6).
167
Let z(x) = x**2 - 15*x + 9. Calculate z(11).
-35
Let w(a) = a**2 + 12*a - 69. Determine w(-16).
-5
Let r(t) = t**2 - 9*t + 11. What is r(5)?
-9
Let z(h) = 4*h - 6. Give z(4).
10
Let i(w) = 42*w - 1087. Determine i(26).
5
Let g(t) = -t**3 - 4*t**2 + 10*t - 1. What is g(-6)?
11
Let c(a) = -4*a. Give c(-1).
4
Let